lculate g(12).
-2
Let c = 1 + 2. Let p be 9/c - (2 + 3). Let h(y) be the third derivative of y**6/120 + y**5/30 + y**4/8 + 5*y**2. Give h(p).
-6
Suppose 0 = -2*d - 5*y + 55, -2*y = -2*d + 3*d - 26. Let z(u) = d - 23 + 4*u + 0*u - 5*u. What is z(-8)?
5
Suppose 2*l - 5*d = -7, -5*l - 2 + 0 = 3*d. Let i(p) = -9*p - 2. Give i(l).
7
Let b(a) = -10*a**2 - 6*a - 2. Let w(z) = -7*z**2 - 5*z - 3. Let d(v) = -2*b(v) + 3*w(v). Give d(-4).
-9
Let p(n) = -3*n**2 - 39*n - 37. Let w be p(-1). Let u(k) be the first derivative of 4*k**2 - k + 1. What is u(w)?
-9
Let c(a) = a**3 - 5*a**2 - 6*a - 6. Suppose 0 = 2*f - 6*f. Let n = 6 + f. Let d be c(n). Let p(j) = 2*j + 5. Calculate p(d).
-7
Let o(v) = 41*v + 125. Let d be o(-3). Let b = 5 - 0. Let a(t) = -t**3 - b*t**d - 4*t - t**2 + 4*t + 1. Determine a(-6).
1
Suppose -4*c + 22*c = 36. Let l(z) = 7*z. Let o(x) = 2*x. Let i(n) = -l(n) + 3*o(n). Determine i(c).
-2
Suppose -3 - 3 = -b. Let a(z) = -z**2 + 6*z + 2. Let c be a(b). Let h(u) = u - 3*u - 2*u**2 + u**c + 7*u**2 + 1. Give h(1).
5
Let j(w) = 30*w**3 + 2*w - 1. Let m be 12/22 + (-60)/(-132). Give j(m).
31
Let h = 3 + 1. Suppose -h*b - 5*a - 13 = -b, 30 = 5*b - 2*a. Suppose b*j = -3*k - 18, 0*j - 19 = 5*j + 2*k. Let u(d) = d**3 + 4*d**2 + d. Give u(j).
6
Let q be (-126)/(-35) + 4/10. Suppose q*y - 10 + 2 = 0. Suppose -1 = y*b + 7. Let t(r) = -r**3 - 4*r**2 - r - 5. Determine t(b).
-1
Let r(z) = -z + 3. Let g be r(0). Suppose 0 = 3*v - g - 0. Let p(x) = x + 1 + 4*x**3 - 2*x**2 - 1. Calculate p(v).
3
Let z(f) = f**2 + f - 4. Let p(i) = -i**2 + 7*i - 2. Let u be p(4). Let y = u - 5. Let o be y/((-10)/6) - -3. Determine z(o).
-4
Let i(c) = -c**3 - 2*c**2 + 2*c. Let d be i(-3). Let q(x) be the first derivative of -x**3/3 + 2*x**2 - 3*x + 19. What is q(d)?
0
Let l(g) be the second derivative of g**5/20 - 7*g**4/12 + g**3 - 2*g**2 - 19*g - 2. Determine l(6).
-4
Let s(b) be the second derivative of -4*b - 1/24*b**4 + 5/2*b**2 + 1/3*b**3 + 0. Let w(m) be the first derivative of s(m). Calculate w(0).
2
Let q be ((-4)/6)/(29/(174/(-4))). Let v(w) = -5*w**2 + 6*w - 5. Give v(q).
-4
Let u = -13 + 17. Suppose u*r - 8*r = -8. Let s(w) = 1 - 5 + 3*w**2 - r*w + 2. What is s(2)?
6
Let f(p) = p + 2. Suppose 0 = -y + 3*y - 4*m - 10, m - 2 = -y. Give f(y).
5
Suppose u = -25*u + 156. Let y(s) = s**3 - 9*s**2 + 19*s - 5. Give y(u).
1
Let r be 2*(0 - 2)*(-7)/14. Let l(j) = -13*j**2 + j + 1 + 0 - 4*j**2 + 20*j**r + j**3. Calculate l(-2).
3
Let s be -9 + 0 - -12 - -6. Let b(c) = 2*c - 12. Calculate b(s).
6
Let k(f) = 4*f - 4 - 14 + 2*f**3 - f**3 + 28 - 14 - 3*f**2. Let v(h) = -h**2 + 0 + 4 + 5*h - 1. Let p be v(5). Give k(p).
8
Let m(a) be the second derivative of -a**5/20 - 5*a**4/4 - 7*a**3/3 - a**2/2 + 15*a - 1. Give m(-14).
-1
Suppose -2*s + p = -11, 7*s - 27 = 3*s - 3*p. Let x(u) = -1 - 9 + 7*u + 2 - u**2. Give x(s).
-2
Let o(n) = -10*n**3 + 2*n**2 - 2*n + 1. Let v(y) = -y**3 - 6*y**2 + 30*y**3 - y - 3 + 3*y + 4*y. Let x(i) = 17*o(i) + 6*v(i). Calculate x(1).
3
Let l(x) = -26 - 28 + 44 + 2*x. Calculate l(0).
-10
Let a(t) = -5*t - 1. Let o be (-7)/(-28) + (-10)/8. Let w(i) = -4*i**3 - i**2 + 1. Let j be w(o). Suppose -4 = -4*y + j. Determine a(y).
-11
Let x(s) = s**3 - 4*s**2 + 3*s + 1. Let t be 0 + 9 + (-8)/2. Let i = -4 - -5. Suppose t*a = 3*u + 6, 3*a - 4*u + 4 - i = 0. Calculate x(a).
1
Let j(y) be the first derivative of -y**5/60 - y**4/6 + 2*y**3/3 - y**2 - 1. Let u(f) be the second derivative of j(f). Suppose 156 = -37*k + 8. Determine u(k).
4
Let y(l) be the first derivative of 7/2*l**2 + 2*l + 14 - 1/3*l**3. Give y(6).
8
Let y(i) = 8*i**3 - 7*i**2 - 29*i**3 + 20 + 13*i**3 + 7*i**3 + 28*i - 25*i. Calculate y(-7).
-1
Let v = 31 - 27. Let g(n) = 5*n + 7. Let c(i) = -i - 1. Let o(r) = v*c(r) + g(r). Let d(m) = m**3 + 12*m**2 - 14*m - 16. Let u be d(-13). Give o(u).
0
Let g(x) = -854 + 7*x**3 - 6*x**3 + 870 - 8*x - 4*x**2. Calculate g(5).
1
Let r(o) = o**3 - 5*o**2 - 4*o - 17. Suppose 4*t = 3*t + 6. Let d be r(t). Let v(w) = w + 9. Determine v(d).
4
Suppose 0 = 3*a + 12, -5*q - 5*a - 12 = 8. Let c(k) = k**3 + k**2 - k + 1. Let y be c(q). Let i(m) = -4*m**3 - 1. What is i(y)?
-5
Let n be (2 - 2) + -9 + 2. Let r(m) = -1. Let j = 38 - 37. Let l(k) = k**3 + 6*k**2 - 7*k - 4. Let y(t) = j*l(t) - r(t). Give y(n).
-3
Suppose p = -5*m + 35, 0 = -3*p + 8 + 7. Let u(w) = 7 - 13 + 1 + m*w + w**2. Determine u(-7).
2
Let d(u) be the second derivative of -u**4/12 - 13*u**3/6 - 6*u**2 + 34*u + 3. Calculate d(-9).
24
Suppose 4*d + 12*g - 9*g = -30, -4*d - 18 = -3*g. Let o(i) = 2*i + 3. Calculate o(d).
-9
Let w = 18 + -14. Suppose w*i - 2*i = -2*a - 6, 5*i = a - 27. Suppose o - 3*t - 5 = 0, -2 = -a*o - t - 13. Let q(f) = f**2 + 5*f + 3. Determine q(o).
-1
Let c(l) = -l**2 + 5*l + 3. Suppose 53*i = 108 + 104. Give c(i).
7
Let h = -40 + 55. Let s be (0 - 9/(-15))/((-3)/h). Let d(f) = -f**2 + 4. What is d(s)?
-5
Let j(p) be the third derivative of -p**6/120 + p**5/15 + p**4/3 - 11*p**3/6 + 6*p**2 + 2*p. Calculate j(5).
4
Let a(g) = 5*g + 7. Let j(m) = -m**2 + 8*m - 12. Let t be j(7). Give a(t).
-18
Let r(w) be the second derivative of -w**4/24 + 45*w**2/2 + 4*w. Let j(f) be the first derivative of r(f). Give j(1).
-1
Let v = 24 + -42. Let l = v - -17. Let y(s) = -2*s**2 + 2*s - 2*s + 1. What is y(l)?
-1
Suppose -2*j + 4*a = 38, j + a + 22 + 3 = 0. Let c = 313 + -298. Let d = c + j. Let p(l) = l**3 + 7*l**2 - 9*l - 10. Calculate p(d).
-2
Suppose 3*f = 0, 0 = -2*a - 5*f + 2*f - 6. Let i(u) be the second derivative of -u**5/20 - u**4/12 + 5*u**3/6 + u**2 - 94*u. Determine i(a).
5
Let l(d) = 2*d - d**2 - 4*d - 4 + 0*d. Let a be 10/15*(1 - -2). Suppose 6*x = a*x - 12. Determine l(x).
-7
Suppose -3*i = 3*h + 6, -5*h = -3*i + 3 - 17. Let s(d) = -2 - 8 - d + h + 7. Determine s(-2).
0
Let q(c) = -2*c - 2*c - 2*c + 5 + c**2 + 2*c. Determine q(6).
17
Let u(a) be the first derivative of a**5/20 + 3*a**4/4 + 7*a**3/6 - 4*a**2 + 11*a + 13. Let n(v) be the first derivative of u(v). What is n(-8)?
0
Suppose s = 2*q + 3, 4*s - q = 3*q + 20. Let i(d) = -6*d + 1 - 3*d - d**2 - s*d**3 + 10*d. Let y be 0/((-2)/(-1)) - 1. Calculate i(y).
6
Let m(p) = 5*p**3 + 7*p**2 - 15*p + 4. Let z(g) = -11*g**3 - 14*g**2 + 31*g - 8. Let h(a) = 13*m(a) + 6*z(a). Calculate h(7).
-59
Let l(j) be the first derivative of -2*j**3/3 + 5*j + 83. Calculate l(0).
5
Let t(u) be the third derivative of 0 - 1/8*u**4 + u**3 + 0*u + 1/15*u**5 + 15*u**2 + 1/120*u**6. Determine t(-5).
-4
Let w(o) = -2*o**3 - o**2 + 1. Let t be w(-2). Let p(i) be the third derivative of -i**6/120 + 7*i**5/30 - i**4/2 - 8*i**3/3 - 1789*i**2. Determine p(t).
-3
Let l be 6/39 + 1 + 189/39. Let j(v) = 10*v - 7. Let a(n) = 9*n - 6. Let i(d) = l*j(d) - 7*a(d). Determine i(-1).
3
Let g be -17*((-20)/15 - (-3)/9). Let s(w) = g*w - 1 + 19*w - 44*w + 18*w. Determine s(2).
19
Let w be (-1)/((-8)/(-32)) - 49/(-12). Let b(u) be the second derivative of 0 - w*u**4 + 0*u**3 - 1/2*u**2 + 4*u. What is b(2)?
-5
Let k(m) = -m + 8 - 4*m + 6*m. Let l = 35 + -21. Suppose -2*i + 2*g = 20, 6*g - g = -i + l. What is k(i)?
2
Suppose 2*t = -4*t + 30. Suppose 3*y - 26 = -t. Let s(a) = a**3 - 8*a**2 + 5*a + 2. Determine s(y).
-12
Let t(m) = m**3 + 47*m**2 - 153*m - 154. Let n be t(-50). Let c(u) be the first derivative of -u**3/3 - 5*u**2/2 - 3*u - 1. Give c(n).
1
Let o(b) = -9. Suppose -5*i + 4*p = -2, 5*p + 8 = i + 8*p. Let g(v) = v. Let c(d) = i*g(d) - o(d). Calculate c(-6).
-3
Let g(v) = -v**3 - 6*v**2 + 5*v + 10. Let a be -7 - -1*1 - (259 + -260). Give g(a).
-40
Let u(d) = 8*d**2 + d. Let z be (2 + 28/(-8))/(2/(-116)). Let y = z - 86. Determine u(y).
9
Let u(z) = 3*z**2 - 5*z - 2. Suppose 0 = 10*b - 44*b + 136. Give u(b).
26
Let u(f) = -f**2 - 6*f - 5. Let d(a) = -a**3 - 4*a**2 - 6*a - 20. Let b be d(-4). Suppose q = -5, -q + b*q = -5*l - 45. Give u(l).
-5
Suppose -5*g = -2*d + 49, 2*g = g - d - 7. Let c(f) = -4*f - 38. Give c(g).
-2
Suppose 0 = 2*m - 6 + 2. Let d(g) = -g + 1. Let l be d(-2). Let i(z) = 96*z - l*z**2 - 4*z**3 - 93*z + 5*z**3. Determine i(m).
2
Let r(x) = -10*x**3 - 4*x**2 - 2*x + 1. Let d be (2/(-4))/((-12)/(-24)). Determine r(d).
9
Let q(g) be the first derivative of g**2/2 - g - 9. Let a = -30 + 32. Give q(a).
1
Let t(v) = -31*v**2 - 23*v + 3. Let m(r) = -11*r**2 - 